 Give w(h).
1
Let p(o) = 0*o + 1 - 9 - o. Let d be (40 + -37)/((2/(-20))/(10/75)). Determine p(d).
-4
Suppose -w = 7*w - 2*w. Let z(p) = p - 14. What is z(w)?
-14
Let b(t) = t**3 - 4*t**2 - 6*t - 6. Let y(v) = v**3 + 12*v**2 + 5. Let c = 43 + -19. Suppose -k + 4*w = c, 6*k = k - 4*w - 48. Let i be y(k). Give b(i).
-11
Let y(b) = -39*b**3 + 2*b**2 - b. Let i(w) = -w - 33. Let l be i(-34). Give y(l).
-38
Let t(h) = -h**2 - h + 2. Suppose z - 2 = -3*o - 0*o, -4*o = 4*z - 8. Give t(z).
-4
Let n(b) = -b**2 + b. Let i(y) = -1 + 18*y**2 + 1 - 22*y**2. Let s(x) = -i(x) - n(x). Give s(1).
4
Suppose 3*x = -0*p - p + 15, -2*p = x. Let j(g) be the third derivative of -g**4/24 + 5*g**3/6 + 35*g**2. What is j(x)?
-1
Let d(x) = x**2 + x - 19. Let c(o) = -9*o**2 - 76*o - 36. Let s be c(-8). Give d(s).
-7
Let a = 15 - 10. Suppose n + 9 = -2*i - 2*n, 5 = a*n. Let d = i + 10. Let y(q) = q**2 - q - 5. What is y(d)?
7
Let m(h) be the first derivative of h**2 - 4*h + 893. Let t = 18 - 9. Calculate m(t).
14
Let i be 11/33 - (-2)/(-6). Suppose 0 = -o - 2*b, i*b = 2*o - 3*b. Let q(j) = j - 4 + o*j + j - 3*j. Determine q(-3).
-1
Let a(q) be the third derivative of q**5/60 + q**4/6 + 5*q**3/6 - 2*q**2 - 57. Determine a(-5).
10
Let t(p) be the first derivative of p**7/840 - p**5/60 + p**4/24 - 4*p**3/3 + 16. Let z(j) be the third derivative of t(j). Calculate z(1).
0
Let i be 3/(6/(-8)) + 12. Suppose -7*y + 3*y - i = 0. Let m(h) = h. Determine m(y).
-2
Suppose -4*u = 4*u - 3*u. Let x be 2 - (-2 - 2) - u. Let b(q) = q - 2. Calculate b(x).
4
Let h(k) = k**3 + 5*k**2 + 2*k + 2. Let x = -106 - -109. Let u be 1/(x - 4) + -1. Calculate h(u).
10
Let k(n) = -2*n**2 - 5*n - 2. Let w = -42 + 6. Let y = 33 + w. Determine k(y).
-5
Let c(a) be the third derivative of a**4/12 - 2*a**3 + 3*a**2 - 11*a. Determine c(8).
4
Let i(p) = p**3 + p - 35*p**2 + 1 + 19*p**2 + 23*p**2. Give i(-7).
-6
Let w = 0 + 9. Suppose w*l = l + 8. Let u(k) = -2*k + 0*k**2 - l - 2*k**2 - 2*k + 0*k**2. Give u(-3).
-7
Let u(j) = -j + 10. Suppose -g = -2*x + 13, 5*x + g = x + 35. Calculate u(x).
2
Let f = 25 - 19. Suppose 0 = f*n + 11 - 47. Let x(t) = t**2 - 8*t + 5. What is x(n)?
-7
Let u be ((-21)/(-3) - -1) + -2. Let x be 2/4 - 27/u. Let c(z) be the first derivative of z**2/2 - 80. Determine c(x).
-4
Let p(u) = u**2 + 15*u + 10. Let f be p(-14). Suppose -4*m + 3*k + 13 = 0, 2*k = -0*m - m + 6. Let a(q) = 2*q + q - 2*q + m. What is a(f)?
0
Let k(h) = 11 - 6 + 45*h - 46*h. Determine k(0).
5
Let k(z) = -z**2 - 1. Let w(y) = -3*y**2 - 8*y - 8. Let a(d) = -4*k(d) + w(d). Calculate a(8).
-4
Let v(s) = -1 + 2*s + 2*s + 4 + s**2. Let f be v(-5). Let o be -11 + f - 3*-1. Let b(u) = u**2 + u - 6. Determine b(o).
-6
Let h(c) = c**2 + 7*c - 1. Suppose 50*m - 30*m = -100. What is h(m)?
-11
Let a = -16 - -18. Suppose -4*q = -5*t - 9*q + 30, 3*t - a*q - 18 = 0. Let m(c) = c**2 - 6*c - 1. Determine m(t).
-1
Let j(s) = -5*s + 2. Let r = -10 - -15. Let z(h) = 3*h - 1. Let d(b) = r*z(b) + 2*j(b). Determine d(-2).
-11
Let h(v) = -3*v**3 - 24*v**2 - v - 8. Let t be h(-8). Let g(u) be the second derivative of 2*u**2 + t + u - 1/2*u**3. Give g(3).
-5
Suppose -2 = -h + 4 - 2. Let s(o) be the first derivative of 2*o**3/3 - 4*o**2 - 3*o + 1. Let b(k) = 3*k**2 - 12*k - 5. Let v(p) = -5*b(p) + 7*s(p). Give v(h).
4
Let u(r) be the first derivative of r**4/4 - 4*r**3/3 - 2*r**2 - 3*r + 4. Suppose 0 = 4*x + 4 - 24. Give u(x).
2
Suppose 0 = 2*t + 6*t. Suppose t = 7*b + 6 - 41. Let w(c) = c**3 - 6*c**2 + 6*c + 1. Calculate w(b).
6
Let j(l) = -5 + 16*l - 22*l + 7*l. What is j(9)?
4
Let f(i) = -8*i - 9 + 7*i + 8*i - i - i. Give f(7).
26
Let o(v) = -3 + 9*v**2 - 5*v - 8*v**2 + 0*v**2 + 0. Suppose 20 = -22*r + 27*r. Calculate o(r).
-7
Suppose 42*n + 55*n = -32*n. Let m(o) = o**2 + o + 66. Determine m(n).
66
Let q = 279 - 282. Let c(a) = -a**2 - 3*a - 8. Determine c(q).
-8
Let w(h) = -8*h**3 + 2*h**2 + 14*h + 2. Let o(d) = 7*d**3 - d**2 - 13*d - 3. Suppose 0 = -2*x + 1 + 13. Let v(y) = x*o(y) + 6*w(y). Give v(-6).
-3
Suppose 0 = 19*u + 136 - 3. Let h(g) = g**2 + 8*g + 7. Calculate h(u).
0
Let u(a) = -285*a**3 + 284*a**3 + 5*a**2 - 2*a + 3 - 4*a**2. Calculate u(0).
3
Suppose -10*t + 18 = -2. Suppose 5*f - 7 = 4*f. Let x(o) = -o + 6 - f - o**2 + 2*o. Calculate x(t).
-3
Let r(b) = -b + 2. Let p(y) = -y**2 + 8*y - 11. Let x be p(2). Let f(c) be the second derivative of -c**3/6 + 2*c. Let w(g) = x*r(g) - 2*f(g). Give w(-7).
-5
Let x(t) be the first derivative of -5*t**3/3 - t**2/2 - 3. Suppose 0 = -64*g - 17 - 47. What is x(g)?
-4
Let v = 82 + -70. Let k(g) = -g + 7. What is k(v)?
-5
Let g(o) = o**2 - 4*o + 2. Suppose 0 = 5*s, 9 = 3*b + s - 0*s. Give g(b).
-1
Suppose 2*q - 16 = 42. Suppose -t + q - 4 = 0. Let l = 22 - t. Let k(i) = -i**2 - 3*i + 2. Determine k(l).
2
Let k(n) be the first derivative of -2*n - 51*n**2 + 52*n**2 - 2 - n. Give k(2).
1
Suppose -27 = -3039*j + 3030*j. Let n(w) = 3*w**2 - 1. Give n(j).
26
Let b = -114 - -113. Let r(k) = -2*k + 1. Give r(b).
3
Suppose -3*f + 4*f - 3 = 0. Suppose -4*h = -k - k - 6, f*h = 4*k - 3. Let t(q) = h*q**3 - q**2 + 12 + 2*q - 16 - 4*q**3. Determine t(-3).
8
Let c(b) = -27*b**3 - 45*b**2 - 16*b - 65. Let d(m) = 5*m**3 + 9*m**2 + 3*m + 13. Let z(k) = 2*c(k) + 11*d(k). What is z(-9)?
4
Let g(h) = h**2 - 5*h + 4. Suppose l - 2*s = -20 + 4, -80 = 5*l + 5*s. Let c = -5 - l. Let o(a) = -a**3 + 11*a**2 + a - 7. Let t be o(c). Determine g(t).
0
Let j(h) = h**2 + 6*h + 0*h**2 + 3 + h**2 - h**3 + 0 - 3*h**2. What is j(-5)?
73
Let o(d) be the second derivative of d**3/6 + 9*d**2/2 + d - 2. Calculate o(-7).
2
Let q(c) be the second derivative of c**7/210 + c**6/360 + c**5/60 + c**4/24 + c**3 - 6*c. Let h(i) be the second derivative of q(i). What is h(-1)?
-4
Let d(n) = 24 - 8*n + 3*n - 10 - 7. Calculate d(6).
-23
Let o(i) = 5*i**2 + i. Let b(g) = 19*g**2 + 2*g + 9. Let c(n) = -b(n) + 4*o(n). What is c(6)?
39
Let l(v) = -7*v**3 + 6*v**2 + 6*v - 5. Let r(h) = -h**3 - h**2 - h + 1. Let c(p) = l(p) + 5*r(p). Determine c(-1).
12
Let g(n) = -n + 1. Let z be g(0). Let j(x) = 11*x**2 - x. What is j(z)?
10
Suppose -5 = -3*y + z, 2*y = -3*y - 3*z + 13. Let d(p) = -5*p + 6. Determine d(y).
-4
Let j(o) = 4*o + 1. Let d(a) = a**2 - 4*a - 39. Let l be d(9). Determine j(l).
25
Let s = -5 - -8. Let y(p) = 0*p - p**3 - s*p**2 - p - 925 + 924. Determine y(-3).
2
Let h(w) be the second derivative of -w**5/20 - w**4/12 + w**2 - 87*w. Calculate h(2).
-10
Let p = -4 + 7. Let a(k) = 36 + 2*k**2 - 3*k - 33 - k**3 - 3*k + p*k**2. Let q(i) = i + 11. Let x be q(-7). Calculate a(x).
-5
Let i(f) = f**3 - 593 - 2*f**2 + 4*f - 9*f + 595. Determine i(3).
-4
Let w(v) be the first derivative of v**3/3 + 2*v**2 + 2*v + 1. Let n = -1098 + 1093. What is w(n)?
7
Let y(o) = -88*o**3 - 129*o**3 + 0*o**2 + 6 + o + 218*o**3 - 7*o**2. Calculate y(7).
13
Let h(r) = 19*r + 22. Let w(g) = -11*g - 12. Let f(d) = 3*h(d) + 5*w(d). Calculate f(-5).
-4
Let d(s) = -5*s**3 - 9*s**2 + 2*s + 4. Suppose 30*m - 35*m = -85. Let o(j) = -14*j**3 - 26*j**2 + 5*j + 12. Let k(r) = m*d(r) - 6*o(r). Determine k(4).
-4
Suppose -12 = -2*t - 4*h, t = 6*t - h - 8. Let w(l) = 4*l**2 - 1. Let v be w(-1). Let j(p) = 8 - 4*p**v + 0 + 0*p - p + 3*p**3 - p**t. Give j(0).
8
Suppose -3*j = -7*j - 12. Let d(r) = -r + 3. Calculate d(j).
6
Let k(t) = -5*t**2 + 2*t + 1. Let p = -2012 - -2011. Determine k(p).
-6
Let k(v) = -5*v + 1 + 27*v - 29*v. What is k(-4)?
29
Let o(x) = x**3 - 9*x**2 + x - 3. Let f = -1094 - -1103. Calculate o(f).
6
Suppose 5*x - f + 42 = 0, 12 - 2 = 5*f. Let y(r) be the third derivative of -r**4/24 - 5*r**3/3 - 2*r**2 + 6. Determine y(x).
-2
Let z(g) = -17*g + 9*g + 5*g + 0*g + g - 20. Give z(-12).
4
Let d(l) = -3 - 34*l**2 + 33*l**2 + 22 + 6*l - 5. Calculate d(10).
-26
Let d(f) = -186*f + 19 + 372*f - 189*f - 9 + 13. Calculate d(5).
8
Let h be -41 - (3 + -3 + -2). Let b = -40 - h. Let j(t) be the third derivative of t**6/120 - t**4/24 - t**2. Calculate j(b).
0
Let m be -7 + 14 + 3/1. Suppose -5*r + 3*a - 1 - m = 0, -7 = 4*r - 3*a. Let i(f) = -f**3 - 3*f**2 + 4*f + 4. What is i(r)?
4
Suppose 4*t = -16 - 0. Let y(j) be the first derivative of j**4/4 - j**2 - 2*j + 1. Let b(m) = 2*m**3 + m**2 - 5*m - 4. Let z(c) = -3*b(c) + 5*y(c). Give z(t).
-2
Let r(x) = -2 + x**2 + 4 